{"version":"1.0","provider_name":"ELLE.lu Luxembourg","provider_url":"https:\/\/www.elle.lu\/fr","author_name":"Sarah Braun","author_url":"https:\/\/www.elle.lu\/fr\/author\/sarahelle-lu","title":"Comment le Luxembourg r\u00e9invente l\u2019innovation cosm\u00e9tique ? - ELLE.lu Luxembourg","type":"rich","width":600,"height":338,"html":"<blockquote class=\"wp-embedded-content\" data-secret=\"5ir0YX8JbW\"><a href=\"https:\/\/www.elle.lu\/fr\/8477-comment-le-luxembourg-reinvente-linnovation-cosmetique.html\">Comment le Luxembourg r\u00e9invente l\u2019innovation cosm\u00e9tique ?<\/a><\/blockquote><iframe sandbox=\"allow-scripts\" security=\"restricted\" src=\"https:\/\/www.elle.lu\/fr\/8477-comment-le-luxembourg-reinvente-linnovation-cosmetique.html\/embed#?secret=5ir0YX8JbW\" width=\"600\" height=\"338\" title=\"\u00ab\u00a0Comment le Luxembourg r\u00e9invente l\u2019innovation cosm\u00e9tique ?\u00a0\u00bb &#8212; ELLE.lu Luxembourg\" data-secret=\"5ir0YX8JbW\" frameborder=\"0\" marginwidth=\"0\" marginheight=\"0\" scrolling=\"no\" class=\"wp-embedded-content\"><\/iframe><script type=\"text\/javascript\">\n\/* <![CDATA[ *\/\n\/*! This file is auto-generated *\/\n!function(d,l){\"use strict\";l.querySelector&&d.addEventListener&&\"undefined\"!=typeof URL&&(d.wp=d.wp||{},d.wp.receiveEmbedMessage||(d.wp.receiveEmbedMessage=function(e){var t=e.data;if((t||t.secret||t.message||t.value)&&!\/[^a-zA-Z0-9]\/.test(t.secret)){for(var s,r,n,a=l.querySelectorAll('iframe[data-secret=\"'+t.secret+'\"]'),o=l.querySelectorAll('blockquote[data-secret=\"'+t.secret+'\"]'),c=new RegExp(\"^https?:$\",\"i\"),i=0;i<o.length;i++)o[i].style.display=\"none\";for(i=0;i<a.length;i++)s=a[i],e.source===s.contentWindow&&(s.removeAttribute(\"style\"),\"height\"===t.message?(1e3<(r=parseInt(t.value,10))?r=1e3:~~r<200&&(r=200),s.height=r):\"link\"===t.message&&(r=new URL(s.getAttribute(\"src\")),n=new URL(t.value),c.test(n.protocol))&&n.host===r.host&&l.activeElement===s&&(d.top.location.href=t.value))}},d.addEventListener(\"message\",d.wp.receiveEmbedMessage,!1),l.addEventListener(\"DOMContentLoaded\",function(){for(var e,t,s=l.querySelectorAll(\"iframe.wp-embedded-content\"),r=0;r<s.length;r++)(t=(e=s[r]).getAttribute(\"data-secret\"))||(t=Math.random().toString(36).substring(2,12),e.src+=\"#?secret=\"+t,e.setAttribute(\"data-secret\",t)),e.contentWindow.postMessage({message:\"ready\",secret:t},\"*\")},!1)))}(window,document);\n\/\/# sourceURL=https:\/\/www.elle.lu\/fr\/wp-includes\/js\/wp-embed.min.js\n\/* ]]> *\/\n<\/script>\n","thumbnail_url":"https:\/\/www.elle.lu\/fr\/wp-content\/uploads\/2025\/10\/hans-reniers-lqgjcmy5qcm-unsplash.jpg","thumbnail_width":2500,"thumbnail_height":1667,"description":"Historiquement, la beaut\u00e9 n\u2019est pas une industrie nationale au Luxembourg. Et pourtant, dans les coulisses, un mod\u00e8le d\u2019innovation cosm\u00e9tique tr\u00e8s singulier prend forme, port\u00e9 par une rigueur scientifique, une excellence industrielle et une exigence artisanale."}

Comment le Luxembourg réinvente l’innovation cosmétique ? - ELLE.lu Luxembourg

<blockquote class="wp-embedded-content" data-secret="5ir0YX8JbW"><a href="https://www.elle.lu/fr/8477-comment-le-luxembourg-reinvente-linnovation-cosmetique.html">Comment le Luxembourg réinvente l’innovation cosmétique ?</a></blockquote><iframe sandbox="allow-scripts" security="restricted" src="https://www.elle.lu/fr/8477-comment-le-luxembourg-reinvente-linnovation-cosmetique.html/embed#?secret=5ir0YX8JbW" width="600" height="338" title="« Comment le Luxembourg réinvente l’innovation cosmétique ? » &#8212; ELLE.lu Luxembourg" data-secret="5ir0YX8JbW" frameborder="0" marginwidth="0" marginheight="0" scrolling="no" class="wp-embedded-content"></iframe><script type="text/javascript">
/* <![CDATA[ */
/*! This file is auto-generated */
!function(d,l){"use strict";l.querySelector&&d.addEventListener&&"undefined"!=typeof URL&&(d.wp=d.wp||{},d.wp.receiveEmbedMessage||(d.wp.receiveEmbedMessage=function(e){var t=e.data;if((t||t.secret||t.message||t.value)&&!/[^a-zA-Z0-9]/.test(t.secret)){for(var s,r,n,a=l.querySelectorAll('iframe[data-secret="'+t.secret+'"]'),o=l.querySelectorAll('blockquote[data-secret="'+t.secret+'"]'),c=new RegExp("^https?:$","i"),i=0;i<o.length;i++)o[i].style.display="none";for(i=0;i<a.length;i++)s=a[i],e.source===s.contentWindow&&(s.removeAttribute("style"),"height"===t.message?(1e3<(r=parseInt(t.value,10))?r=1e3:~~r<200&&(r=200),s.height=r):"link"===t.message&&(r=new URL(s.getAttribute("src")),n=new URL(t.value),c.test(n.protocol))&&n.host===r.host&&l.activeElement===s&&(d.top.location.href=t.value))}},d.addEventListener("message",d.wp.receiveEmbedMessage,!1),l.addEventListener("DOMContentLoaded",function(){for(var e,t,s=l.querySelectorAll("iframe.wp-embedded-content"),r=0;r<s.length;r++)(t=(e=s[r]).getAttribute("data-secret"))||(t=Math.random().toString(36).substring(2,12),e.src+="#?secret="+t,e.setAttribute("data-secret",t)),e.contentWindow.postMessage({message:"ready",secret:t},"*")},!1)))}(window,document);
//# sourceURL=https://www.elle.lu/fr/wp-includes/js/wp-embed.min.js
/* ]]> */
</script>

Historiquement, la beauté n’est pas une industrie nationale au Luxembourg. Et pourtant, dans les coulisses, un modèle d’innovation cosmétique très singulier prend forme, porté par une rigueur scientifique, une excellence industrielle et une exigence artisanale.
